2. Give d(2).
3
Let x(j) = j**2 - j - 2. Let c(n) = -n - 6. Let o be c(-3). Let p be (-1 - o)/1 + -42. Let w = p + 42. Determine x(w).
0
Suppose 0 = 4*k + 13 - 89. Let x(d) = -1 + 3 - 1 - 18*d + k*d. Suppose -2*v + 34 = -3*y, 44 = y - 5*y + 2*v. Determine x(y).
-9
Let w(c) = -c**2 - 34*c - 213. Let m be w(-12). Suppose -4*f = -3*y + 1, f + y - 1 = 2*f. Let d(p) = -f - 25*p - 23*p + m*p. Calculate d(2).
4
Let u(l) = l**3 - l**2 - l - 1. Let w(s) = 3*s**3 - 3*s**2 - 2*s - 3. Let y(b) = 2*u(b) - w(b). Let p be (-474)/5 - (-3)/(-15). Let z = p + 97. Calculate y(z).
-3
Suppose -m - 12 = -3*m. Let g = -3 - m. Let j(l) be the third derivative of -l**5/60 - 7*l**4/24 - 3*l**2 + 3*l - 5. Calculate j(g).
-18
Let s(c) = -c**3 + 3*c**2 - 7*c + 14. Let u be ((-81)/12 + ((-90)/40 - -3))/(-2). Calculate s(u).
-7
Let r(s) = 37*s**2 - 6*s - 4. Let f be r(-1). Let x = 28 - f. Let t(v) = v + 15. Determine t(x).
4
Let x be (9/(-27))/(1/(-12)). Let d(o) = -3*o**2 + 7 - 1 - 50*o**3 - 49*o**3 - 4*o + 100*o**3. What is d(x)?
6
Let z(r) = r**3 - 7*r**2 - r + 3. Let d = -19 - -50. Let f(t) = -t**3 + 31*t**2 + 2*t - 55. Let q be f(d). What is z(q)?
-4
Let i(b) = -b**2 + 7*b + 16. Suppose 103*a - 2028 = 70*a - 136*a. Determine i(a).
-44
Let p(c) = -27*c**2 + 2*c - 1. Suppose -5475 = -0*t + 15*t. Let x = -364 - t. Calculate p(x).
-26
Let h(c) = 12*c**3 + 13*c**3 + 6 + 1 - 82*c**3 + c**2 + 58*c**3 + c. Determine h(-3).
-14
Let m = -19232 - -19232. Let t(c) = 43*c - 8. Determine t(m).
-8
Let p(z) = z**2 - 10*z - 8. Let b be p(-4). Let h(l) = -2*l**2 + 9*l**2 - l + l**2 + 49*l**3 + 7 - b*l**3. Give h(-8).
15
Let w(k) be the first derivative of -7*k**2/2 + 62*k + 299. Calculate w(6).
20
Let p(j) = 190*j**3 + 3*j**2 + 17. Let y(u) = 64*u**3 + u**2 + 6. Let b(z) = -6*p(z) + 17*y(z). Determine b(-1).
51
Let j = 19607 + -19588. Let m(u) = u**3 - 19*u**2 - 12. Give m(j).
-12
Let v(h) = -h**2 - 9*h + 13. Suppose 3*m + 7 = 3*c - 2*m, -5*m = 4*c + 14. Let s be 2556/(-71)*c/(-4). What is v(s)?
13
Suppose -4*l + 100 = -14*l. Let z(k) = -5 + 2 - 2 + 19 - 11 + 2*k. Give z(l).
-17
Let w(t) be the second derivative of t**3/3 + t**2/2 + 23815*t. Let b(y) = 21*y**2. Let a be b(-1). Suppose 2*i = 9 - a. Determine w(i).
-11
Let w(n) = n**3 + n**2 + n + 8. Let h(y) = -4*y. Let m(o) = -5*o + 1. Let z(q) = -4*h(q) + 3*m(q). Let t be z(2). Let b be 3/(-45)*-3 - t/25. Determine w(b).
8
Let z(r) = -r - 3*r**2 + 0 + 12*r**2 + 5 - r**3. Suppose 3*d = -5*j - d + 37, -j + 5*d + 19 = 0. Determine z(j).
-4
Let p(k) = k**3 + 6*k**2 - 9*k - 8. Suppose 0 = q + 2*i - i, -i = -5*q + 6. Let x be ((-1 + q)/(-2 + 1))/(-2). Suppose 12*r - 13*r - 7 = x. What is p(r)?
6
Suppose -5*n + 274 - 264 = 0. Let u(d) = 3*d**2 - 2*d**2 - 4*d**n + 1 + 2*d**2. Give u(5).
-24
Let f(v) be the third derivative of -7*v**4/24 + 5*v**3/6 + 7*v**2 + 2. Let s(b) = 4*b - 4. Let w(p) = 3*f(p) + 5*s(p). Determine w(-5).
0
Let u be 18/(-27) + 9/((-162)/(-66)). Let t(g) = -6*g**2 + 7*g + 4. Give t(u).
-29
Suppose -x - 3*x + 24 = 4*a, -14 = -3*a + x. Suppose 0 = 4*b - s - 21, -7*b + 8*b = 5*s + 29. Let p(w) = 2*w + 305 - b*w - 303. Determine p(a).
-8
Let u(m) = 120 + 2*m - 116 - m. Suppose 23*d = -73 - 180. Determine u(d).
-7
Let l(i) be the first derivative of 1/4*i**4 - 1/3*i**3 - 125 + i**2 - 4*i. What is l(3)?
20
Let l = 46 - 44. Let b(n) = -180*n**2 - 2*n + 11*n + 179*n**l. Determine b(8).
8
Let o be 4/(-6) + 11/3. Let d(k) = -17*k**2 + 2*k. Let m(i) = -104*i**2 + 16*i + 1. Let a(r) = -6*d(r) + m(r). Give a(o).
-5
Let i(p) = 3*p + 4599*p**3 - 4598*p**3 - 4*p - 4*p**2 + 4*p. Let a = 5 + -3. Suppose 2*v - 19 = 3*j, 4*v - a*j - 13 = 5. Give i(v).
-2
Let a(s) be the first derivative of -s**3/3 + 2*s**2 + s + 18. Suppose -90 = 109*m - 127*m. Calculate a(m).
-4
Let i be (39/6 - 7)*(1 - -35). Let z(r) = 7*r + 131. What is z(i)?
5
Let c(i) = i**2 - 5*i - 19. Let f(t) = -2*t**3 - 128*t**2 - 366*t + 6. Let d be f(-61). Determine c(d).
-13
Let g(o) = -1 + 98*o - 8 - o**2 - 48*o - 47*o + 4. Calculate g(6).
-23
Let t(j) = -17*j**3 + 11*j**2 + 3*j - 1. Let o(l) = -6*l**3 - l. Let w(u) = -3*o(u) + t(u). What is w(-10)?
39
Let r(d) = 2*d + 107. Let p be r(17). Let g(t) = 7*t**2 - p - 6*t**2 + 159 - 18*t. What is g(17)?
1
Let m(v) = 105 - 51 + 133 - 36 + 13*v. Give m(-12).
-5
Let k(r) = -5*r**2 - r - 10. Let j(p) = -10*p**2 - p - 18. Let d(a) = 4*j(a) - 7*k(a). Give d(-1).
-10
Let x(u) = 13*u + 355. Let v be x(-26). Let t(k) = k**3 - 15*k**2 - 34*k - 12. What is t(v)?
-12
Let s(f) = 10*f - 15. Suppose 0 = -265*j + 216*j + 294. Determine s(j).
45
Suppose -16 + 0 = -4*r. Let d be (27/(-162) + 1/2)*18. Suppose 10 + d = -r*w. Let k(v) = v + 4. What is k(w)?
0
Let i(c) = 1 - 2*c**2 + 0*c**2 - 12*c - 3*c + 18*c - 13*c. What is i(-6)?
-11
Suppose -2*r - g + 288 = r, 371 = 4*r - 3*g. Suppose 2*j - r = -77. Let t = 10 - j. Let x(n) = -2*n**2 + 1. Calculate x(t).
-1
Let n be -19 + -19 - (-8)/2. Let k be ((-153)/n)/((-3)/4). Let j(u) be the second derivative of u**5/20 + u**4/2 + u**3/6 - u**2 + u + 2. Give j(k).
-8
Let h(s) be the third derivative of s**6/60 + s**4/12 + s**3 + 52*s**2. Let a(k) = -k**3 - k - 3. Let j(r) = 5*a(r) + 3*h(r). Determine j(0).
3
Let x = 23 + -31. Let q(f) be the third derivative of -f**5/60 - f**4/3 - f**3/3 + 4*f**2 - 61. Determine q(x).
-2
Suppose 0 = -m - 3*s - 370, 891 = -4*m - 3*s - 598. Let n = m + 358. Let d(w) = -w**2 - 16*w - 12. What is d(n)?
3
Let c = 12844 + -12852. Let a(j) = 3*j + 42. Give a(c).
18
Let f be (-7)/((-14)/(-4))*1. Let r(j) = -6*j**2 - 3*j - 54. Let z(v) = 9. Let s(w) = r(w) + 6*z(w). What is s(f)?
-18
Let t(j) = 0*j + 3*j - 3 - 2*j. Let h = -1522 - -720. Let x = 806 + h. Give t(x).
1
Let q(p) = -p + 5*p**2 - 4*p**2 - 4*p. Suppose d + 3 = 3*j, -3*d - 77*j = -72*j - 33. Give q(d).
6
Let q(d) = 0 - 71*d - 76*d + 208*d - 83*d - 8. Calculate q(5).
-118
Let k(o) = -o**3 + 5*o**2 - 2*o + 1. Let i(t) = 8*t - 29. Let q be i(10). Let h = 83 - q. Suppose -5*f - 22 = -h. Determine k(f).
9
Let t be ((-2)/(-4))/((-26)/(-988))*(-1 + 0). Let p(z) = -z**3 - 18*z**2 + 23*z + 77. Determine p(t).
1
Let t(b) be the first derivative of 7*b**3 + b**2 - 2*b + 612. Calculate t(1).
21
Let w = -27 - -36. Suppose s = 4*g, -2*s + 15 + w = 4*g. Let z be (-1)/(12/s)*(6 - 3). Let j(k) = -2*k**2 - 4*k - 3. Give j(z).
-3
Suppose 27 = -9*t - 18*t. Suppose -25 = -5*d - 4*s - 6, d = 5*s - 2. Let f(n) = -1 + 2*n**d - 2 + n**3 + 4 + 2*n. What is f(t)?
-4
Let s = 869 - 865. Let q be 8/((-2)/(-1)) - -1. Let k(j) = -j**2 + 11*j - 10. Let h(g) = g**2 - 10*g + 10. Let v(f) = q*h(f) + s*k(f). Calculate v(7).
17
Let f(g) be the first derivative of 13/2*g**2 + 13*g + 1/4*g**4 - 13/3*g**3 + 131. Calculate f(12).
25
Let u(g) be the third derivative of -g**5/60 + g**4/6 + g**3/6 + 2*g**2. Let l be (-3)/(15/(-20)) - ((-14)/(-1) + -6). What is u(l)?
-31
Let u = -4 + 0. Let p be (-2)/4 - 30/u. Let w(x) = 25 + 37 + 29 - 93 - x**3 + 7*x + 6*x**2. Determine w(p).
-2
Let u(i) = i**2 - 12*i + 36. Suppose 12*m = -14 + 74. What is u(m)?
1
Let i(u) be the third derivative of 0*u - 1/12*u**5 - 2/3*u**3 + 1/120*u**6 + 1/4*u**4 + 0 - 86*u**2. Calculate i(4).
4
Let f(a) = -28*a**2 + 29*a**2 - 21 + 6*a - 11*a. Let k be f(7). Let y(i) = i - 1. Give y(k).
-8
Suppose 2*d = -51*m + 52*m + 13, -5*m + 5*d = 25. Let l(u) = -u**2 - 4*u + 19. Determine l(m).
-2
Let x(i) = 16*i - 12 + 2*i**2 + 3 + 3*i**2 + 9*i**2 - i**3. Let q = -9253 + 9268. Calculate x(q).
6
Let y(o) be the second derivative of o**4/6 - 11*o**3/6 + o**2 - 3755*o. Determine y(7).
23
Suppose -3*b + 16 - 7 = 0, 4*b - 228 = 4*n. Let y = n + 82. Suppose -105 = -11*l - y. Let p(x) = -x + 12. What is p(l)?
5
Let w(u) be the second derivative of -u**4/12 + 17*u**3/6 - 17*u**2 + 414*u - 2. Determine w(17).
-34
Let b(h) = -5*h**3 - 2*h**2 + h + 4. Let n(p) = p**2 - 1. Let s(d) = -b(d) - 5*n(d). Let c be 322/(-230) + 2/5. Give s(c).
-6
Let s = 20 - 14. Suppose q = s*q - 675. Let i = -127 + q. Let m(a) = -a + 10. Calculate m(i).
2
Let a(x) = -507*x**2 - 1525*x - 10. Let y be a(-3). Let h be 2 - -1*(-1 + 2). Let l(n) = 2*n + 0*n**3 + n**2 + 2*n**3 - h*n**3. Give l(y).
0
Let h(u) be the first derivative of u**4/4 + 8*u**3/3 + 4*u**2 + 2*u + 8019. What is h(-7)?
-5
Let j(k) = -8*k + 1159 - 5*k - 16*k - 1161 + 15*k. What is 